{"id":620,"date":"2024-04-27T10:23:36","date_gmt":"2024-04-27T08:23:36","guid":{"rendered":"http:\/\/buero-pradel.de\/wordpress\/?page_id=620"},"modified":"2024-04-27T10:33:02","modified_gmt":"2024-04-27T08:33:02","slug":"impressum","status":"publish","type":"page","link":"https:\/\/buero-pradel.de\/?page_id=620","title":{"rendered":"IMPRESSUM"},"content":{"rendered":"<div id=\"pl-620\"  class=\"panel-layout\" ><div id=\"pg-620-0\"  class=\"panel-grid panel-no-style\" ><div id=\"pgc-620-0-0\"  class=\"panel-grid-cell\" ><div id=\"panel-620-0-0-0\" class=\"so-panel widget widget_sow-editor panel-first-child panel-last-child\" data-index=\"0\" ><div\n\t\t\t\n\t\t\tclass=\"so-widget-sow-editor so-widget-sow-editor-base\"\n\t\t\t\n\t\t>\n<div class=\"siteorigin-widget-tinymce textwidget\">\n\t<p class=\"p_red\"><strong>Rechtliche Hinweise<\/strong><\/p>\n<p><strong>Verantwortlich f\u00fcr den Inhalt<\/strong><br \/>\nIngenieurb\u00fcro PRADEL GbR<br \/>\nBeelitzer Weg 19a<br \/>\n14552 Michendorf<\/p>\n<p>T: +49 (0)33205 - 54748<\/p>\n<p>info@buero-pradel.de<br \/>\nwww.buero-pradel.de<\/p>\n<p><strong>Fotografie und Konzeption<\/strong><br \/>\nWolf Pradel, Astrid Pradel<br \/>\nwww.buero-pradel.de<\/p>\n<p><strong>Design & Technische Umsetzung<\/strong><br \/>\nLUBIT Inh. Ren\u00e9 Huhndt <\/p>\n<\/div>\n<\/div><\/div><\/div><div id=\"pgc-620-0-1\"  class=\"panel-grid-cell\" ><div id=\"panel-620-0-1-0\" class=\"so-panel widget widget_sow-editor panel-first-child panel-last-child\" data-index=\"1\" ><div\n\t\t\t\n\t\t\tclass=\"so-widget-sow-editor so-widget-sow-editor-base\"\n\t\t\t\n\t\t>\n<div class=\"siteorigin-widget-tinymce textwidget\">\n\t<p><strong>Hinweis zur Nutzung der Website<\/strong><\/p>\n<p>Der Autor \u00fcbernimmt keine Haftung oder Garantie f\u00fcr die Aktualit\u00e4t, Richtigkeit und Vollst\u00e4ndigkeit der zur Verf\u00fcgung gestellten Informationen. Die Texte und Bilder auf dieser Website sind Eigentum des Autor. Vervielf\u00e4ltigung von Informationen oder Daten, insbesondere von Texten, Textabschnitten oder Bildmaterial bedarf der Zustimmung.<\/p>\n<p><strong>Hinweis zum Datenschutz<\/strong><\/p>\n<p>Alle Angaben und pers\u00f6nlichen Daten, die Besucher auf unserer Website \u00fcbermitteln, werden streng vertraulich behandelt und nicht an Dritte weitergegeben.<\/p>\n<\/div>\n<\/div><\/div><\/div><div id=\"pgc-620-0-2\"  class=\"panel-grid-cell\" ><div id=\"panel-620-0-2-0\" class=\"so-panel widget widget_sow-editor panel-first-child panel-last-child\" data-index=\"2\" ><div\n\t\t\t\n\t\t\tclass=\"so-widget-sow-editor so-widget-sow-editor-base\"\n\t\t\t\n\t\t>\n<div class=\"siteorigin-widget-tinymce textwidget\">\n\t<p><strong>Hinweise zu Links<\/strong><\/p>\n<p>Der Autor \u00fcbernimmt f\u00fcr alle Links \u2013 von dieser Seite zu anderen Seiten im Internet \u2013 keine Haftung. Wir betonen, dass wir uns ausdr\u00fccklich von allen Inhalten aller gelinkten Seiten inkl. Unterseiten distanzieren, da wir keinerlei Einfluss auf die Inhalte und die Gestaltung haben. Diese Erkl\u00e4rung gilt f\u00fcr alle auf dieser Website angebrachten Links und f\u00fcr alle Inhalte der Seiten, zu denen Links bzw. Banner f\u00fchren.<\/p>\n<p><strong>Rechtswirksamkeit dieses Haftungsausschlusses<\/strong><\/p>\n<p>Dieser Haftungsausschluss ist als Teil des Internetangebotes zu betrachten, von dem aus auf diese Seite verwiesen wurde. Sofern Teile oder einzelne Formulierungen dieses Textes der geltenden Rechtslage nicht, nicht mehr oder nicht vollst\u00e4ndig entsprechen sollten, bleiben die \u00fcbrigen Teile in ihrem Inhalt und ihrer G\u00fcltigkeit davon unber\u00fchrt.\"<\/p>\n<\/div>\n<\/div><\/div><\/div><\/div><\/div>","protected":false},"excerpt":{"rendered":"<p>Rechtliche Hinweise Verantwortlich f\u00fcr den Inhalt Ingenieurb\u00fcro PRADEL GbR Beelitzer Weg 19a 14552 Michendorf T: +49 (0)33205 &#8211; 54748 info@buero-pradel.de www.buero-pradel.de Fotografie und Konzeption Wolf Pradel, Astrid Pradel www.buero-pradel.de Design &#038; Technische Umsetzung LUBIT Inh. Ren\u00e9 Huhndt Hinweis zur Nutzung der Website Der Autor \u00fcbernimmt keine Haftung oder Garantie f\u00fcr die Aktualit\u00e4t, Richtigkeit und Vollst\u00e4ndigkeit [&hellip;]<\/p>\n","protected":false},"author":1,"featured_media":0,"parent":0,"menu_order":0,"comment_status":"closed","ping_status":"closed","template":"templates\/template-full.php","meta":{"ngg_post_thumbnail":0,"footnotes":""},"class_list":["post-620","page","type-page","status-publish","hentry","post"],"_links":{"self":[{"href":"https:\/\/buero-pradel.de\/index.php?rest_route=\/wp\/v2\/pages\/620","targetHints":{"allow":["GET"]}}],"collection":[{"href":"https:\/\/buero-pradel.de\/index.php?rest_route=\/wp\/v2\/pages"}],"about":[{"href":"https:\/\/buero-pradel.de\/index.php?rest_route=\/wp\/v2\/types\/page"}],"author":[{"embeddable":true,"href":"https:\/\/buero-pradel.de\/index.php?rest_route=\/wp\/v2\/users\/1"}],"replies":[{"embeddable":true,"href":"https:\/\/buero-pradel.de\/index.php?rest_route=%2Fwp%2Fv2%2Fcomments&post=620"}],"version-history":[{"count":2,"href":"https:\/\/buero-pradel.de\/index.php?rest_route=\/wp\/v2\/pages\/620\/revisions"}],"predecessor-version":[{"id":624,"href":"https:\/\/buero-pradel.de\/index.php?rest_route=\/wp\/v2\/pages\/620\/revisions\/624"}],"wp:attachment":[{"href":"https:\/\/buero-pradel.de\/index.php?rest_route=%2Fwp%2Fv2%2Fmedia&parent=620"}],"curies":[{"name":"wp","href":"https:\/\/api.w.org\/{rel}","templated":true}]}}