{"id":260,"date":"2024-02-05T11:34:52","date_gmt":"2024-02-05T10:34:52","guid":{"rendered":"http:\/\/buero-pradel.de\/wordpress\/?page_id=260"},"modified":"2024-04-27T10:06:32","modified_gmt":"2024-04-27T08:06:32","slug":"ueber-uns","status":"publish","type":"page","link":"https:\/\/buero-pradel.de\/?page_id=260","title":{"rendered":"\u00fcber uns"},"content":{"rendered":"<div id=\"pl-260\"  class=\"panel-layout\" ><div id=\"pg-260-0\"  class=\"panel-grid panel-no-style\" ><div id=\"pgc-260-0-0\"  class=\"panel-grid-cell\" ><div id=\"panel-260-0-0-0\" class=\"so-panel widget widget_sow-editor panel-first-child panel-last-child\" data-index=\"0\" ><div\n\t\t\t\n\t\t\tclass=\"so-widget-sow-editor so-widget-sow-editor-base\"\n\t\t\t\n\t\t>\n<div class=\"siteorigin-widget-tinymce textwidget\">\n\t<h3 style=\"text-align: center;\"><strong>Weniger ist manchmal mehr<\/strong><\/h3>\n<p class=\"p_red\"; style=\"text-align: center;\">\nHistorische Geb\u00e4ude erz\u00e4hlen viel \u00fcber ihre fr\u00fcheren Besitzer und erlangen durch unseren respektvollen Umgang mit Ver\u00e4nderungen, einen Hauch ihres fr\u00fcheren Zaubers zur\u00fcck.<br \/>\nUmso wertsch\u00e4tzender wir mit den Ideen der damaligen Architekten und den t\u00e4glichen Anstrengungen fr\u00fcherer Handwerker-Generationen umgehen, je mehr k\u00f6nnen wir selbst dazu beitragen, dass diese Faszination nicht verloren geht.<\/p>\n<p style=\"text-align: center;\"> <strong>Ich bedanke mich f\u00fcr Ihr Interesse an unserer Arbeit und m\u00f6chte Ihnen gern ein wenig \u00fcber uns berichten.<\/strong><\/p>\n<p style=\"text-align: center;\">Wir sind ein zweik\u00f6pfiges effektiv arbeitendes Team, mit Herrn Ing.<strong>Wolf Pradel<\/strong>, der f\u00fcr die Bauwerksvermessung und die computergest\u00fctzte Architektenplanung zust\u00e4ndig ist und Frau Dipl-Ing.(FH) <strong>Astrid Pradel<\/strong>, die sich mit der Objektplanung, Bauleitung und Baubetreuung von selbst geplanten Objekten befasst.<\/p>\n<p style=\"text-align: center;\">Unser <strong>Ingenieurb\u00fcro<\/strong> hat 1992 in Potsdam angefangen und sp\u00e4ter in Michendorf OT Langerwisch seinen Sitz gefunden. Seit Gr\u00fcndungsbeginn sind wir \u00fcberwiegend auf dem historischen, meist denkmalgesch\u00fctzten Hochbausektor t\u00e4tig und haben den behutsamen Umgang mit historischer Bausubstanz seit nunmehr \u00fcber 30 Jahren kennen, sch\u00e4tzen und lieben gelernt.<\/p>\n<\/div>\n<\/div><\/div><\/div><\/div><div id=\"pg-260-1\"  class=\"panel-grid panel-no-style\" ><div id=\"pgc-260-1-0\"  class=\"panel-grid-cell\" ><div id=\"panel-260-1-0-0\" class=\"so-panel widget widget_sow-editor panel-first-child panel-last-child\" data-index=\"1\" ><div\n\t\t\t\n\t\t\tclass=\"so-widget-sow-editor so-widget-sow-editor-base\"\n\t\t\t\n\t\t><h3 class=\"widget-title\">BESTANDSERFASSUNG<\/h3>\n<div class=\"siteorigin-widget-tinymce textwidget\">\n\t<p><strong>Bestandsaufma\u00df<\/strong><br \/>\nHistorischer Geb\u00e4ude beinhaltet<br \/>\ndie Grundrissaufnahme im CAD-Format zur eigenen oder weiteren Verarbeitung inklusive Schnittdarstellungen, Detailschnitte sowie Ansichten mit Fassadenstrukturen als auch<br \/>\nbei Bedarf als 3D-Simulation zum besseren Verst\u00e4ndnis des Objektes.<\/p>\n<p><strong>Zustandserfassung <\/strong><br \/>\nauch liebevoll 'Geb\u00e4udecheck' genannt:<br \/>\nDer erste Schritt - die baufachliche Objektbegehung zum Erwerb eines Hauses - erm\u00f6glicht Ihnen einen ersten Eindruck vom Zustand des Objektes und den M\u00f6glichkeiten der Sanierung.<\/p>\n<p>Durch dokumentarische Erfassung des Bestandes wesentlicher Bau- und Schadensmerkmale entsteht eine fundierte Zustandsanalyse auf deren Basis gestaffelte Sanierungskonzeptionen inkl. Kostensch\u00e4tzungen zum Sanierungsaufwand in der Planungsphase entwickelt werden k\u00f6nnen. <\/p>\n<\/div>\n<\/div><\/div><\/div><div id=\"pgc-260-1-1\"  class=\"panel-grid-cell\" ><div id=\"panel-260-1-1-0\" class=\"so-panel widget widget_sow-editor panel-first-child panel-last-child\" data-index=\"2\" ><div\n\t\t\t\n\t\t\tclass=\"so-widget-sow-editor so-widget-sow-editor-base\"\n\t\t\t\n\t\t><h3 class=\"widget-title\">PLANUNGSLEISTUNG<\/h3>\n<div class=\"siteorigin-widget-tinymce textwidget\">\n\t<p><strong>Entwickeln objektgerechter Sanierung bedeutet f\u00fcr uns :<\/strong><br \/>\nWir begleiten Sie von der ersten Planungsidee \u00fcber Machbarkeitsstudien bis zur finalen Entwurfsplanung - einschlie\u00dflich bauaufsichtlicher oder denkmalrechtlicher Genehmigungen - sowie Umsetzung beh\u00f6rdlicher Auflagen und konstruktiver bzw. funktionaler Anforderungen.<\/p>\n<p>Dabei stehen <strong>Ihre Ideen<\/strong> und Erfordernisse an das Objekt f\u00fcr uns immer im Vordergrund, so dass Sie sich w\u00e4hrend, aber auch nach der Planungsphase mit Ihrem Objekt immer identifizieren und wiederfinden k\u00f6nnen.<\/p>\n<\/div>\n<\/div><\/div><\/div><div id=\"pgc-260-1-2\"  class=\"panel-grid-cell\" ><div id=\"panel-260-1-2-0\" class=\"so-panel widget widget_sow-editor panel-first-child panel-last-child\" data-index=\"3\" ><div\n\t\t\t\n\t\t\tclass=\"so-widget-sow-editor so-widget-sow-editor-base\"\n\t\t\t\n\t\t><h3 class=\"widget-title\">BAUBETREUUNG<\/h3>\n<div class=\"siteorigin-widget-tinymce textwidget\">\n\t<p><strong>Dabei ist uns wichtig, <\/strong><br \/>\ndass beginnend mit der Objektplanung, \u00fcber die Ausf\u00fchrungsplanung und Ausschreibung inklusive Vertragsgestaltung, bis hin zur Bauleitung und Baubetreuung - alles in einer Hand bleibt - mit einem verl\u00e4sslichen Ansprechpartner f\u00fcr Ihr Bauvorhaben \u00fcber die gesamte Bauzeit ... und dar\u00fcber hinaus.<\/p>\n<\/div>\n<\/div><\/div><\/div><\/div><\/div>","protected":false},"excerpt":{"rendered":"<p>Weniger ist manchmal mehr Historische Geb\u00e4ude erz\u00e4hlen viel \u00fcber ihre fr\u00fcheren Besitzer und erlangen durch unseren respektvollen Umgang mit Ver\u00e4nderungen, einen Hauch ihres fr\u00fcheren Zaubers zur\u00fcck. Umso wertsch\u00e4tzender wir mit den Ideen der damaligen Architekten und den t\u00e4glichen Anstrengungen fr\u00fcherer Handwerker-Generationen umgehen, je mehr k\u00f6nnen wir selbst dazu beitragen, dass diese Faszination nicht verloren geht. [&hellip;]<\/p>\n","protected":false},"author":1,"featured_media":0,"parent":0,"menu_order":0,"comment_status":"closed","ping_status":"closed","template":"templates\/template-full.php","meta":{"ngg_post_thumbnail":0,"footnotes":""},"class_list":["post-260","page","type-page","status-publish","hentry","post"],"_links":{"self":[{"href":"https:\/\/buero-pradel.de\/index.php?rest_route=\/wp\/v2\/pages\/260","targetHints":{"allow":["GET"]}}],"collection":[{"href":"https:\/\/buero-pradel.de\/index.php?rest_route=\/wp\/v2\/pages"}],"about":[{"href":"https:\/\/buero-pradel.de\/index.php?rest_route=\/wp\/v2\/types\/page"}],"author":[{"embeddable":true,"href":"https:\/\/buero-pradel.de\/index.php?rest_route=\/wp\/v2\/users\/1"}],"replies":[{"embeddable":true,"href":"https:\/\/buero-pradel.de\/index.php?rest_route=%2Fwp%2Fv2%2Fcomments&post=260"}],"version-history":[{"count":8,"href":"https:\/\/buero-pradel.de\/index.php?rest_route=\/wp\/v2\/pages\/260\/revisions"}],"predecessor-version":[{"id":618,"href":"https:\/\/buero-pradel.de\/index.php?rest_route=\/wp\/v2\/pages\/260\/revisions\/618"}],"wp:attachment":[{"href":"https:\/\/buero-pradel.de\/index.php?rest_route=%2Fwp%2Fv2%2Fmedia&parent=260"}],"curies":[{"name":"wp","href":"https:\/\/api.w.org\/{rel}","templated":true}]}}